e -19 = 5*r - 4. Let i be -1 - (3 - 0) - (2 + r). Let c(m) be the second derivative of m**3/3 - 2*m**2 - 2*m. What is c(i)?
-10
Let a(v) = v**2 - 6*v - 1. Let b be a(6). Let d be b*(-14)/2*-1. Let i(s) be the first derivative of -s**3/3 - 7*s**2/2 + 3*s + 27. Give i(d).
3
Let v(k) be the second derivative of k**5/5 - k**3/3 - 2*k**2 - 5*k. Let i(a) = -a**3 - a**2. Let l(g) = -5*i(g) - v(g). Calculate l(-5).
-6
Let f(n) = -2*n - 1. Let u(m) = m. Let z(q) = f(q) + 4*u(q). What is z(5)?
9
Let p(n) be the first derivative of -1/6*n**3 + 0*n - 1/5*n**5 - 5 + 1/24*n**4 + 3*n**2. Let x(m) be the second derivative of p(m). Determine x(1).
-12
Let d(r) = -2*r - 1. Let v = -10 - 6. Suppose -24 = -s - 36. Let c = s - v. Give d(c).
-9
Suppose -2*z + 36 = -2*w, -4*w + 16 = z - 3*w. Let v(y) = y - 9 - 6 + z. What is v(-4)?
-2
Let o be 63*(-3)/(-6)*20/15. Let p(w) = 5 - 46*w - 1 - w**2 - o*w + 89*w. Determine p(3).
-2
Suppose 0 = -11*r - 50 - 5. Let o(t) = t**3 + 5*t**2 - 3*t + 6. Calculate o(r).
21
Let w(u) = u**3 - 9*u**2 + 8*u + 9. Let n be w(8). Suppose -4*k - n = -k, 0 = d - 4*k - 13. Let b(g) = g - 1. What is b(d)?
0
Suppose 3*b + 7 = 16. Let g(l) = 2*l**3 - l**b - 5*l - 24 + 5*l**2 - 4*l + 19. Suppose -m + 102 = -18*m. Determine g(m).
13
Let g(b) = b**2 - 3*b + 5. Let u = -36 + 32. Let m be u/5 + 88/10. Suppose m = 3*q - q. Give g(q).
9
Let h = 0 - 3. Let z(f) = 6*f**2 + 2*f - 6. Let a be z(-4). Let c(w) = 3 + a*w - 79*w - w**3 + 2*w**3 + 5*w**2. Give c(h).
12
Suppose -4*l = -2*z - 26, 2*l + 2*z + 12 = -2*z. Let s(h) = -h**3 + 4*h**2 + 4*h + 1. What is s(l)?
17
Suppose -28*f = -12*f + 48. Let k(c) = c**2 + c + 2. Let t(d) = d**2 + 2*d + 3. Let m(r) = f*t(r) + 4*k(r). Calculate m(-1).
2
Let t(n) be the second derivative of 1/3*n**3 + 0 - 1/12*n**4 - 1/2*n**2 + 5*n. Suppose d - 9 = -2*d. Give t(d).
-4
Let b(r) be the first derivative of -3*r**4/2 - r**3/3 + r + 128. Determine b(1).
-6
Let p(r) = -r. Suppose -2*j = -3*j + 4. Let q = j + 6. Let b = 7 - q. What is p(b)?
3
Let x be -3 - ((-2)/10 - (-177)/(-15)). Let t(f) = f**3 - 10*f**2 + f. Calculate t(x).
-72
Let a(g) = -6*g + 15. Let w(b) = -3*b + 7. Let l(h) = -3*a(h) + 7*w(h). Let o(c) = c - 2. Let v be o(2). Let d = 5 - v. Give l(d).
-11
Let k(g) be the third derivative of g**5/60 - g**4/24 - g**3/6 - 44*g**2. What is k(1)?
-1
Let u(q) be the third derivative of q**6/24 - q**5/30 - q**4/12 - q**3/6 + 2*q**2. Suppose -19*z - 135 = -265*z - 381. Calculate u(z).
-6
Let i(t) = 8 - 9 + 0*t - 3*t - 11. Let h(n) = -n - 4. Let z(f) = -17*h(f) + 6*i(f). Calculate z(-5).
1
Suppose 0 = 3*c - 0*c - 12. Suppose 1 = y, 5*y = -c*u + 3*y + 22. Let k(j) = j**2 - 4*j + 1. Calculate k(u).
6
Let o(u) be the third derivative of u**6/120 + u**5/20 - 3*u**4/4 + 7*u**3/6 + 672*u**2. Determine o(-6).
7
Let u = 104 + -91. Let c be 39/u*(-8)/3. Let q(p) = -p**3 - 9*p**2 - 9*p - 9. Calculate q(c).
-1
Let k(m) = m**3 - 6*m**2 + 2*m - 7. Let p be (-2*(-2 - -1))/((-72)/(-180)). Calculate k(p).
-22
Suppose 0 = -44*o - 46 + 2. Let q(m) = -3*m + 2 - 1 + 9*m. Calculate q(o).
-5
Let d(o) = -26*o**2 - 35*o**2 - 30*o**2 - 17*o**3 + 90*o**2 - o. Calculate d(-1).
17
Suppose i + 4*i - 2*s + 5 = 0, -5*s + 21 = -4*i. Let u be -1 - (-1 + -1 + i). Let r(h) = 2*h**3 - 13 - 6*h**2 - h**3 + 4 + 3*h + u*h**3. Calculate r(6).
9
Let j(l) = -3*l**2 + 10*l + 8. Suppose -2*c - 14 = -2*t - 0*t, 15 = -5*c. Let p be j(t). Let o(w) = -w - 17. Give o(p).
-17
Let i = -118 + 124. Let k(t) = t**2 - 6*t. Determine k(i).
0
Let h(s) be the third derivative of -17*s**5/60 + s**4/24 - s**3/6 + 58*s**2. Calculate h(1).
-17
Let d(c) = 9*c**3 + c**2 - 13*c - 1. Let x(v) = 5*v**3 + 3 - 21*v**2 + 21*v**2 - 7*v - 4. Let l(p) = -6*d(p) + 11*x(p). Give l(6).
1
Suppose 5*k - 2*s = -7*s - 50, -5*k = 4*s + 46. Suppose 12 = -2*h + 18. Let g(m) = m + h*m - m - 5 - 4*m. Give g(k).
1
Let a = 12 - 0. Suppose 5*f - 21 = -2*k, k + 0*k - 5*f = -a. Suppose -k*j + m = 12, 2*m + 6 = -j + 3*m. Let n(c) = c**2 + 1. Give n(j).
10
Suppose 5*j = 10, 25 = -3*h + 4*j - 196. Let d = h - -73. Let t(n) = n**3 - 2*n**2 - n + 1. Calculate t(d).
-1
Let y = 21 + -13. Let d(a) be the first derivative of -1/3*a**3 - 2*a + 9/2*a**2 + 5. Calculate d(y).
6
Suppose 123 = -43*t + 2*t. Let y(g) = -g**3 - 3*g**2 + g. What is y(t)?
-3
Let c(n) = -n**2 + 7*n + 8. Let k be c(8). Suppose -4*w + 2*w + 12 = k. Let l be (w/6)/(2 - 3). Let g(y) = 12*y**2 + y + 1. Give g(l).
12
Let p(j) be the first derivative of 7*j**4/4 + j**3/3 - j + 4. Let y be p(1). Suppose -8 = 5*v + y. Let z(h) = -h**3 - 4*h**2 - h + 4. What is z(v)?
-2
Suppose -5*d - 79 = -3*y, -3*y - d + 40 + 9 = 0. Let z = 18 - y. Suppose -3*v - 4 = -4*q, -1 = -z*v - 4*v - q. Let n(s) = -s + 7. Determine n(v).
7
Let i(h) = 9*h - 318. Let u be i(36). Let w(j) = j**2 - 6*j - 2. Give w(u).
-2
Let b(h) = -h**3 + 16 + h - 15*h**2 - 8 + 10 + 0. Determine b(-15).
3
Let f(h) be the second derivative of -7*h**3/6 + h**2/2 - 51*h + 1. Determine f(-5).
36
Let u(s) = s**2 + 6*s + 9. Let z(n) = n**2 + 12*n + 8. Let f be z(-10). Let b be (2/(-4))/(2 + 23/f). Determine u(b).
9
Let u(c) = -c + 7. Let h = -47 + 54. Calculate u(h).
0
Let n(f) = f + 15. Let m be (8/(-12))/((-12)/(-198)). Determine n(m).
4
Let v(f) = 17*f**2 - 5. Let p(l) = -10*l**2 + 3. Let w(g) = -5*p(g) - 3*v(g). Calculate w(-2).
-4
Let o be (-1)/(-2)*(-5)/(-10). Let j(m) be the first derivative of -6*m - o*m**4 + 4 + 0*m**2 - 1/3*m**3. Give j(0).
-6
Let r be -7 + 7/((-21)/(-9)). Let n be (r - 36/(-8))*12. Let i(h) = 2*h - 4. What is i(n)?
8
Let y(h) = 2*h**3 - h**2 - 2*h - 1. Let u(p) = -9*p**3 - 4*p**2 + 8*p + 18. Let z(j) = u(j) + 5*y(j). Give z(9).
-5
Let r(a) = -a**2 + 8*a + 2. Let k be -1 + -2 + 12 + 11. Let w be 12/(-15)*k/(-2). What is r(w)?
2
Let q(j) = -5*j + 102. Let f(s) = -s**3 + 3*s**2 - 27*s + 144. Let t be f(4). Determine q(t).
2
Let j(g) be the third derivative of g**4/8 + g**3/2 + 2*g**2 + 68. Calculate j(3).
12
Let x = -262 + 264. Let y(z) = -2*z - 3. Calculate y(x).
-7
Let w(x) = -x**2 - 3*x + 8. Suppose 0 = r + 4 + 1, -3*r - 23 = 2*z. Calculate w(z).
4
Let l(s) be the first derivative of -s**3/3 + 21*s**2/2 - 13*s - 474. Calculate l(20).
7
Let l(g) = -15345*g**2 - 4*g + 7646*g**2 + 7678*g**2 + 3. Calculate l(1).
-22
Let z(c) = -c + 24. Let y be z(21). Suppose 2 = -s + y*s. Let q(r) = 9*r**3 + 2*r - 1. What is q(s)?
10
Let c be 1 + 0 + 1 + 0. Let d be c*(3/(-2) - -2). Let v(a) = 5*a**2 - 2. Let b(r) = 16*r**2 - 5. Let z(j) = 3*b(j) - 8*v(j). Calculate z(d).
9
Let h(q) = 3*q**2 + q - 2. Let n be (-94)/(-14) - (-16)/56 - 3. Suppose 0 = -4*b + 5*x - 23, 6 = -n*b - x + 1. Calculate h(b).
8
Let q(f) = 5*f**3 - 4*f**2 - f + 31. Let k(s) = s**3 - s**2 + 6. Let i(x) = 11*k(x) - 2*q(x). Determine i(3).
10
Let l(p) = 1 + 3*p + 1 - 2858*p**2 + 2855*p**2. Determine l(-2).
-16
Suppose 5*j - 15 = 3*m, 4*j + 0*m = -5*m + 12. Suppose -j*b - 7 = 4*b. Let l(p) = -4*p**2 - p. Determine l(b).
-3
Let b(g) = -7*g**3 + 8*g**2 - 13. Let n(o) = -o**3 + o**2 - o - 2. Let i(j) = -b(j) + 6*n(j). What is i(4)?
9
Let z(p) = 1 - 230*p - 223*p - 10*p**3 - 7*p**3 + 452*p. Give z(1).
-17
Suppose b + 72 = 5*n - 0*n, -4*n = 2*b - 66. Let g be (-3)/9 + (-100)/n. Let m(s) = -s**2 - 8*s - 4. Determine m(g).
3
Let r(c) = -c**3 - 3*c**2 + 2*c - 4. Let o be (-1 - 0/4) + -5. Let l be (4 + 2)*(o/(-4) - 2). Calculate r(l).
-10
Let j = 137 + -145. Let w(i) = i**3 + 9*i**2 + 7*i - 10. Calculate w(j).
-2
Let a(j) = 8*j - 8. Let w be a(-16). Let c = -129 - w. Let d(r) = -r**2 + 8*r - 10. What is d(c)?
-3
Let r = -1 - 0. Let g(f) = -8*f**3 - f**3 - f**3 - 1 - f + 0*f - f**2. Let i(y) = y. Let u(b) = r*g(b) - 3*i(b). What is u(1)?
10
Suppose 6*s - 2*s = z + 63, 9 = 2*s - 5*z. Let r = -15 + s. Let m(u) = -13*u**r + 3*u - 3 + 18*u**2 - 5*u - u**3. Determine m(4).
5
Let o(g) = 2*g**2 + 3*g - 3. Let y be o(-2). Let b(d) be the third derivative of d**6/30 + d**5/60 + d**4/12 + d**3/6 - 6*d**2. Determine b(y).
-4
Let n = -109 + 110. Let y(i) = i. Give y(n).
1
Suppose 0 = -h - 12 + 66. Let g be (-2)/(-4) - h/(-36). Let v(j) = -j**3 + 3*j**2 - 3*j + 3. Determine v(g).
1
Let n(w) = 10*w + 4*w - 31*w + 11*w - 1 + 13*w. Calculate n(1).
6
Let c(a) = 2*a - 3. Let v(g) = -g + 6*g - 7*g + g. Let w(h) = c(h) + 3*v(h). Calculate w(-3).
0
Let k(q) be t